{"id":3245,"date":"2020-01-21T11:01:40","date_gmt":"2020-01-21T10:01:40","guid":{"rendered":"https:\/\/vipextensions-shop.ch\/?post_type=product&#038;p=3245"},"modified":"2024-03-10T09:43:19","modified_gmt":"2024-03-10T08:43:19","slug":"extensionsburste-burste","status":"publish","type":"product","link":"https:\/\/vipextensions-shop.ch\/?product=extensionsburste-burste","title":{"rendered":"Extensionsb\u00fcrste, B\u00fcrste"},"content":{"rendered":"<p><span style=\"color: #ffff00;\"><strong>Extensionsb\u00fcrste ist ein &#8222;Must have&#8220; zur Pflege Ihrer Extensions.<\/strong><\/span><\/p>\n<p>Sie ist extra f\u00fcr Haarverl\u00e4ngerungen gemacht, hat keine nippel am ende und bleibt daher auch nirgends h\u00e4ngen.<\/p>\n<p>Zusatzlich greifen die extra weichen langen Borsten bis auf die Kopfhaut durch und entwirren das Haar ganz ohne ziehen oder reissen.<\/p>\n","protected":false},"excerpt":{"rendered":"<p>Hairextensions b\u00fcrste,hair brush<\/p>\n","protected":false},"featured_media":3242,"comment_status":"open","ping_status":"closed","template":"","meta":[],"_links":{"self":[{"href":"https:\/\/vipextensions-shop.ch\/index.php?rest_route=\/wp\/v2\/product\/3245"}],"collection":[{"href":"https:\/\/vipextensions-shop.ch\/index.php?rest_route=\/wp\/v2\/product"}],"about":[{"href":"https:\/\/vipextensions-shop.ch\/index.php?rest_route=\/wp\/v2\/types\/product"}],"replies":[{"embeddable":true,"href":"https:\/\/vipextensions-shop.ch\/index.php?rest_route=%2Fwp%2Fv2%2Fcomments&post=3245"}],"wp:featuredmedia":[{"embeddable":true,"href":"https:\/\/vipextensions-shop.ch\/index.php?rest_route=\/wp\/v2\/media\/3242"}],"wp:attachment":[{"href":"https:\/\/vipextensions-shop.ch\/index.php?rest_route=%2Fwp%2Fv2%2Fmedia&parent=3245"}],"curies":[{"name":"wp","href":"https:\/\/api.w.org\/{rel}","templated":true}]}}